se 7, what is 14 + 30654162?
30654206
In base 16, what is -11be5 + -13db?
-12fc0
In base 2, what is 11 - 10011100101011100011101110?
-10011100101011100011101011
In base 4, what is 20023123 + -11211?
20011312
In base 12, what is -a472 - -1307?
-9167
In base 5, what is -240101002241 - -3?
-240101002233
In base 11, what is -170468 + 101?
-170367
In base 8, what is -1 + 20061353?
20061352
In base 3, what is -2 - 2121112200112202?
-2121112200112211
In base 8, what is 723141 - 123?
723016
In base 9, what is 67 - 167172?
-167104
In base 9, what is 5 - -133605006?
133605012
In base 9, what is 113 + -175665?
-175552
In base 7, what is 11001 - -311343?
322344
In base 13, what is -c303 + -312?
-c615
In base 15, what is -5 - -1deabb9?
1deabb4
In base 15, what is 1 - -311950?
311951
In base 12, what is 3b - -9284430?
928446b
In base 3, what is 211020012 + 121000111?
1102020200
In base 12, what is 1007 - 17a766?
-17975b
In base 13, what is b972a - c7?
b9633
In base 11, what is -4 - -1742a643?
1742a63a
In base 6, what is 14301211 + 0?
14301211
In base 15, what is 7d + -69d7c2?
-69d744
In base 6, what is 204003040031 + 4?
204003040035
In base 7, what is -15 - -50344425?
50344410
In base 8, what is -631 - 20412?
-21243
In base 14, what is -6 - -6ac2975?
6ac296d
In base 11, what is -20a65 + -1373?
-22328
In base 5, what is 0 - 130320204030?
-130320204030
In base 7, what is 4664301064 - 3?
4664301061
In base 9, what is 251730 - -11?
251741
In base 5, what is -11400042232 - -42?
-11400042140
In base 7, what is 54465 + 55445?
143243
In base 8, what is -2025473 - 462?
-2026155
In base 15, what is d1345d - -11?
d1346e
In base 7, what is -5050335 + 2010?
-5045325
In base 15, what is 5dc + -4666b?
-4607e
In base 9, what is -487452 + 265?
-487176
In base 9, what is -5 - 1628783?
-1628788
In base 16, what is 4 + -12af06?
-12af02
In base 11, what is -39613057 + -3?
-3961305a
In base 9, what is -7464030 - -8?
-7464021
In base 15, what is 5db800 - -3?
5db803
In base 4, what is -232 - -113110002?
113103110
In base 4, what is 133321 - -33310?
233231
In base 16, what is 104c212 - -9?
104c21b
In base 16, what is -8d - -a3a2f?
a39a2
In base 11, what is 2478 + 132447?
134914
In base 7, what is -550 + -3665163?
-3666043
In base 2, what is -1010101010000100010001011 + -1001?
-1010101010000100010010100
In base 4, what is -232 + 22212011?
22211113
In base 2, what is 101101100010000011010 + -10000?
101101100010000001010
In base 13, what is -cac9 + -1b5?
-ccb1
In base 13, what is -12 - 129c92?
-129ca4
In base 10, what is -26 - 418168?
-418194
In base 6, what is 314531 + 22131?
341102
In base 14, what is 205a5a + 1?
205a5b
In base 9, what is 408800 - 3804?
404885
In base 11, what is -1677aaa11 + 2?
-1677aaa0a
In base 8, what is 264506 - 427?
264057
In base 11, what is -33561 + 118?
-33444
In base 13, what is 19b3 + 341?
2024
In base 14, what is 1779 - -7baa?
9545
In base 3, what is 22112 + 20212102202?
20212202021
In base 11, what is 1a40204 - -2?
1a40206
In base 7, what is 5 - 1333416115?
-1333416110
In base 9, what is -5570 + -287?
-5867
In base 4, what is -1 - -1212021232131?
1212021232130
In base 14, what is -55314c - -d?
-55313d
In base 6, what is -240301441 + 15?
-240301422
In base 14, what is -1cc6097 - -31?
-1cc6066
In base 4, what is -12222 + 200321121?
200302233
In base 11, what is -6687758 - -12?
-6687746
In base 4, what is 12131 + 131030000?
131102131
In base 12, what is -3343170 + 40?
-3343130
In base 9, what is 1110048 - -25?
1110074
In base 9, what is -88321548 + -3?
-88321552
In base 6, what is -3122321212 + 3?
-3122321205
In base 14, what is -2 + 1b8945?
1b8943
In base 6, what is -3223225341 - 4?
-3223225345
In base 11, what is -115a78 + 101?
-115977
In base 10, what is 97272 - -22?
97294
In base 7, what is -131041 - 6?
-131050
In base 10, what is -5434 + -688?
-6122
In base 3, what is 212121002 - -1121?
212122200
In base 3, what is -1121002100012101 + 12?
-1121002100012012
In base 4, what is -201 - 12323000301?
-12323001102
In base 5, what is 1241020142113 + -10?
1241020142103
In base 11, what is 2443018 - -26?
2443043
In base 6, what is 3150411221 - -2?
3150411223
In base 15, what is -333 - 7d?
-3b1
In base 9, what is 3 + -3320703?
-3320700
In base 2, what is 1100010001100100001100 + -100?
1100010001100100001000
In base 15, what is -2 - -1cb913?
1cb911
In base 15, what is -2ce7 + 4c97?
1ea0
In base 6, what is -44 - -1450351?
1450303
In base 12, what is -117 + 4952?
4837
In base 5, what is 22 + 314303104?
314303131
In base 12, what is -4 - -821839?
821835
In base 15, what is -5171a - 307?
-51a22
In base 4, what is -1003313030 + -21210?
-1010000300
In base 3, what is -10211201120121 + -2000?
-10211201122121
In base 15, what is c0352 - 4?
c034d
In base 2, what is 1000101000111100001001 - -101000?
1000101000111100110001
In base 11, what is 306244 - -82?
306316
In base 14, what is 2 + 94c04?
94c06
In base 12, what is -1b1385 + 609?
-1b0978
In base 12, what is -a27806 - -124?
-a276a2
In base 6, what is -10111 - -105521?
55410
In base 5, what is 1 + 13041133114?
13041133120
In base 15, what is 5aac42 + -a4?
5aab8d
In base 8, what is -231042 - -5024?
-224016
In base 3, what is 2011102001202 - -1220?
2011102010122
In base 15, what is c6c360 - 3?
c6c35c
In base 9, what is 3 + -6077242?
-6077238
In base 2, what is -11111 + 11101011010010101?
11101011001110110
In base 3, what is -1001220010 + -112100?
-1002102110
In base 2, what is -10100001 - -1011111001000110?
1011110110100101
In base 10, what is 8283177 + -1?
8283176
In base 10, what is 161002 + -50?
160952
In base 10, what is 459136496 - -3?
459136499
In base 2, what is 101100111010 + -101101001001001?
-100111100001111
In base 16, what is 452a6 - 21?
45285
In base 2, what is 1100000110 - -1010111000000?
1100011000110
In base 14, what is -11b8 - 35a?
-1534
In base 11, what is -28 + -1687a7?
-168824
In base 14, what is 383a908 - 7?
383a901
In base 12, what is -2 + a9a5901?
a9a58bb
In base 9, what is -71 + 1503433?
1503352
In base 16, what is 2 - 20c31d?
-20c31b
In base 2, what is 100101010001010110000110 + 1?
100101010001010110000111
In base 15, what is 480e2a - 7?
480e23
In base 10, what is -15 + 2738491?
2738476
In base 13, what is -221c000 + -3?
-221c003
In base 13, what is a70211 + -a5?
a70139
In base 3, what is -1102001100222102 + -10?
-1102001100222112
In base 5, what is -142231213311 + 12?
-142231213244
In base 15, what is -3 + -57d3d4?
-57d3d7
In base 3, what is -12 + 20102210211022?
20102210211010
In base 6, what is -31 - -2301431?
2301400
In base 8, what is -475654201 + 5?
-475654174
In base 7, what is -20 + -3150445616?
-3150445636
In base 7, what is -11626002 - 132?
-11626134
In base 10, what is 36159 - -254?
36413
In base 3, what is -2 - -100012121022000221?
100012121022000212
In base 4, what is 23301 - -12113?
102020
In base 13, what is 0 - 83513?
-83513
In base 4, what is 133 - 103300021033?
-103300020300
In base 12, what is 41b22 - 36?
41aa8
In base 6, what is 45532 + -13201?
32331
In base 15, what is -6519b + -6?
-651a2
In base 10, what is -8898446 + 4?
-8898442
In base 5, what is -140344034 + -1233?
-140400322
In base 11, what is -60 + -62857?
-62907
In base 13, what is -7 - -549a947?
549a940
In base 4, what is 120010032103 + 121?
120010032230
In base 11, what is 0 + 4069883?
4069883
In base 5, what is 403334213 - 302?
403333411
In base 14, what is 1b771a - 4?
1b7716
In base 5, what is -31343312 - 31?
-31343343
In base 4, what is 2003 + 1123130311?
1123132320
In base 3, what is -120120020200 + 1001112?
-120112012011
In base 5, what is -24301 + -343231?
-423032
In base 9, what is 18611 + 3525?
23236
In base 6, what is 3155 - 2220?
535
In base 8, what is -75570746 + 2?
-75570744
In base 5, what is -1233331140433 + -10?
-1233331140443
In base 8, what is 2354303 + -33?
2354250
In base 13, what is -396b + 6a?
-3901
In base 13, what is -85c0 - -bc37?
3647
In base 8, what is -2001472165 + -1?
-2001472166
In base 10, what is -5 + 103707?
103702
In base 8, what is -174 - 15253?
-15447
In base 10, what is 2 - -33368251?
33368253
In base 4, what is -11111133222 - -13?
-11111133203
In base 15, what is -3b - 249b46?
-249b82
In base 16, what is c18ef4 - 4?
c18ef0
In base 13, what is -1917 - -21a8?
591
In base 15, what